{"id":2,"date":"2025-06-13T06:27:13","date_gmt":"2025-06-13T06:27:13","guid":{"rendered":"https:\/\/avbetulkaraaslan.com\/?page_id=2"},"modified":"2025-06-19T13:18:24","modified_gmt":"2025-06-19T13:18:24","slug":"sample-page","status":"publish","type":"page","link":"https:\/\/avbetulkaraaslan.com\/index.php\/sample-page\/","title":{"rendered":"Bet\u00fcl Karaaslan Kimdir?"},"content":{"rendered":"\n<ul class=\"wp-block-list\">\n<li><strong>Bet\u00fcl Karaaslan<\/strong>; 1997 de Diyarbak\u0131rl\u0131 3 \u00e7ocuklu bir ailenin ilk \u00e7ocu\u011fu olarak d\u00fcnyaya gelmi\u015f ilk ve orta \u00f6\u011frenimini Gaziantep de tamamlam\u0131\u015f, y\u00fcksek \u00f6\u011frenimini <strong>Marmara \u00dcniversitesi Hukuk Fak\u00fcltesi<\/strong>nde bitirmi\u015ftir. 2020 y\u0131l\u0131nda mezun olmu\u015f ve mesle\u011fine ad\u0131m atm\u0131\u015ft\u0131r. \u00c7e\u015fitli <strong>Hukuk B\u00fcrolar\u0131nda<\/strong> farkl\u0131 t\u00fcrden dosyalarda deneyim elde etme imkan\u0131 bulmu\u015f, Ticari faaliyet y\u00fcr\u00fcten firmalarda <strong>Hukuk M\u00fc\u015favirli\u011fi<\/strong> g\u00f6revinde \u00e7al\u0131\u015fm\u0131\u015f, <strong>Ticaret Hukuku<\/strong> alan\u0131nda kendisini geli\u015ftirmi\u015ftir. \u015eu anda <strong>Ankara<\/strong> ilinde ikamet etmekte ve ba\u011f\u0131ms\u0131z olarak kendi Hukuk Ofisini i\u015fletmektedir.  <\/li>\n<\/ul>\n\n\n\n<h3 class=\"wp-block-heading\"><strong>Mesleki ilgi alanlar\u0131<\/strong> ise \u015f\u00f6yledir: <\/h3>\n\n\n\n<p><strong>-Ceza Hukuku <\/strong><\/p>\n\n\n\n<p><strong>-Medeni Hukuk  <\/strong><\/p>\n\n\n\n<p><strong>-Ticaret ve \u015eirketler Hukuku<\/strong> <\/p>\n\n\n\n<p><strong>-\u0130\u015f Hukuku<\/strong> <\/p>\n\n\n\n<p><strong>-\u0130dare Hukuku<\/strong> <\/p>\n\n\n\n<p><strong>-Fikri M\u00fclkiyet Hukuku<\/strong><\/p>\n\n\n\n<p><strong>-\u00c7evre Hukukuku<\/strong><\/p>\n\n\n\n<p><\/p>\n","protected":false},"excerpt":{"rendered":"<p>Mesleki ilgi alanlar\u0131 ise \u015f\u00f6yledir: -Ceza Hukuku -Medeni Hukuk -Ticaret ve \u015eirketler Hukuku -\u0130\u015f Hukuku -\u0130dare Hukuku -Fikri M\u00fclkiyet Hukuku -\u00c7evre Hukukuku<\/p>\n","protected":false},"author":1,"featured_media":0,"parent":0,"menu_order":0,"comment_status":"closed","ping_status":"open","template":"","meta":{"footnotes":""},"class_list":["post-2","page","type-page","status-publish","hentry"],"_links":{"self":[{"href":"https:\/\/avbetulkaraaslan.com\/index.php\/wp-json\/wp\/v2\/pages\/2","targetHints":{"allow":["GET"]}}],"collection":[{"href":"https:\/\/avbetulkaraaslan.com\/index.php\/wp-json\/wp\/v2\/pages"}],"about":[{"href":"https:\/\/avbetulkaraaslan.com\/index.php\/wp-json\/wp\/v2\/types\/page"}],"author":[{"embeddable":true,"href":"https:\/\/avbetulkaraaslan.com\/index.php\/wp-json\/wp\/v2\/users\/1"}],"replies":[{"embeddable":true,"href":"https:\/\/avbetulkaraaslan.com\/index.php\/wp-json\/wp\/v2\/comments?post=2"}],"version-history":[{"count":6,"href":"https:\/\/avbetulkaraaslan.com\/index.php\/wp-json\/wp\/v2\/pages\/2\/revisions"}],"predecessor-version":[{"id":51,"href":"https:\/\/avbetulkaraaslan.com\/index.php\/wp-json\/wp\/v2\/pages\/2\/revisions\/51"}],"wp:attachment":[{"href":"https:\/\/avbetulkaraaslan.com\/index.php\/wp-json\/wp\/v2\/media?parent=2"}],"curies":[{"name":"wp","href":"https:\/\/api.w.org\/{rel}","templated":true}]}}